s = 25, 2*s = -i*z - 2*s + 32. Let q(y) = y**2 - 2*y - 2. Determine q(z).
6
Let s(j) = -2*j - 9. Let p be (-1)/(-3) + (-35)/15 + -5. Determine s(p).
5
Let l(q) = 5 - 16 + 6 + q**2. Let s(r) = r. Let u be s(0). Give l(u).
-5
Let f(o) = -5 + 7*o - 5 - o**2 + 15. Calculate f(8).
-3
Suppose -20 = -3*l - 4*j, 3*j = 3*l - 2*j - 2. Let t(f) be the first derivative of -1/2*f**2 + l*f - 1. Determine t(0).
4
Let u be (5/(-15))/(2/(-36)). Suppose 3*z - 3 = u. Let y(k) = -2*k. Give y(z).
-6
Let w(p) = -3*p**3 + p**2 - 9*p - 1. Let j(v) = v**3 - v**2 + 4*v. Let u = 16 + -11. Let c = 8 - 6. Let y(z) = c*w(z) + u*j(z). Calculate y(-4).
6
Let l(t) = 3*t + 3. Let u(o) = -4*o + 20. Let k be u(6). What is l(k)?
-9
Let y(o) = 3*o**3 + 4*o**2 + o + 2. Let g(a) = -a**3 - a**2 + a - 1. Let u(f) = -g(f) - y(f). Suppose -2*k + 7 = 1. Suppose 0 = 2*m - k*m - 2. Calculate u(m).
7
Let v(d) = -d**2 + 5*d + 1. Let w(h) = h**3 - 6*h**2 - 5*h - 8. Let n be w(7). Determine v(n).
-5
Let p(g) = 2*g - 23. Let l be p(9). Let z(j) = -j - 1. Let m(f) = 3*f + 3. Let i(t) = -m(t) - z(t). Determine i(l).
8
Let n(l) = l + 4*l + 6*l + 2. Let g(q) = -7*q - 1. Let b(d) = -8*g(d) - 5*n(d). Suppose r + r = -6. What is b(r)?
-5
Let c(y) = -5*y**3 + 14*y**2 - 31*y + 10. Let r(b) = -b**3 + 3*b**2 - 6*b + 2. Let h(k) = 2*c(k) - 11*r(k). Give h(4).
-2
Let g(f) = f**2 + 0 + 0*f**3 - f**3 + 2. Calculate g(0).
2
Let d = -20 + 23. Let l(p) = 3*p. Determine l(d).
9
Let w(m) = m**2 + 6*m - 7. Let d(h) = -h**3 + 7*h**2 + h - 13. Let s(i) = i**3 - i**2 + 3*i - 3. Let p be s(2). Let n be d(p). Determine w(n).
-7
Let x(k) = -1 - 1 + 5*k**2 - 4*k - k**3 + 5. Calculate x(5).
-17
Let c(f) = f**2 + 5*f. Let q = 0 + -6. Determine c(q).
6
Let f(b) = -4*b - 1 + 2*b + 2 + 3*b. Calculate f(4).
5
Let t = -3 - -8. Suppose -2*u = -t - 9. Let s(k) = -u*k + k + 0*k. Determine s(1).
-6
Suppose 6*c - 2*c - 2*k = 2, -c - 4 = -2*k. Suppose c = -h + 2*h. Let x(g) = -4 - h*g + 4*g + 2. What is x(3)?
4
Let c(h) = -h**2 - 4*h + 3. Let t be c(-4). Let g(o) = 6 + 3*o - 11*o**t - o**2 + 7*o**2 + 10*o**3 - o**2. Calculate g(6).
-12
Suppose -2*v = 3*s - 22 + 8, 0 = 4*s - 4*v + 8. Suppose s*o + 4*p = -2*o - 20, 5*o + 2*p = -22. Let m(w) = -4*w**2 - 2 + 0 + 3*w**2 - 3*w. Calculate m(o).
-6
Suppose -1 = -z + 4. Suppose z*l - 18 = 7. Let w(x) = -x**2 + 5*x. Give w(l).
0
Let l(n) = 3*n - 28. Let b be l(8). Let y(r) = -r**2 - 6*r - 6. Give y(b).
2
Let l = 5 - 14/3. Let i(p) be the first derivative of p - l*p**3 - 1/2*p**2 - 2. Calculate i(0).
1
Suppose b - 5 + 2 = 0. Let q(y) = 1 - 1 + b - y - 6. Determine q(3).
-6
Suppose 21 = 6*j + 117. Let b be 1/(-1 + j/(-20)). Let v(y) = -2*y + 1. Determine v(b).
11
Let u(c) = -c**3 + 7*c**2 - 7*c. Let d be (-4)/6 - (-164)/12. Suppose 0 = 3*y + 5*b - 23, 3*y - d = 4*b + 1. What is u(y)?
-6
Let h = 2 + -1. Let z(m) be the second derivative of m**4/3 - m**2/2 + 8*m. Give z(h).
3
Let k(z) = z**3 - 5*z**2 + 2*z + 4. Suppose -3*y = -d - 13, 2*y - 3 = d + 6. Determine k(y).
-4
Suppose 5*w - 2*b + 88 = 0, 4*b - 1 + 5 = 0. Let g be (-74)/(-9) - (-4)/w. Suppose 0 = -0*p - 2*p - g. Let m(y) = y**2 + 4*y + 1. What is m(p)?
1
Let a = 93 + -179. Let c be 6/27 - a/18. Let h(m) = 3 + 9*m - 6*m**2 + 3*m**3 - m - 10 - 2*m**3. Give h(c).
8
Let q = -7 + 11. Suppose -x + 5*u = -0 + q, -5*x = -2*u - 26. Let g(t) = -t**3 + 5*t**2 + 4*t + 8. What is g(x)?
-4
Let o(b) = -2*b - 3. Let l(g) = -g - 2. Let u(z) = -4*l(z) + 3*o(z). What is u(6)?
-13
Let q(k) = k**3 - 9*k**2 - 11*k + 7. Let t be q(10). Let x(y) = -2*y**3 + y + 3*y**3 + 3*y**2 - 8 + 6. Calculate x(t).
-5
Let m be 1*(4 + -6 + 3). Let y(s) = -2*s**2 - s + 1 - s**2 - s. Determine y(m).
-4
Let h(c) = 2*c**2 + 4*c. Suppose 5*f + 4*a - 2*a = 8, a - 4 = 3*f. Let s be (-4 + f)/(2/4). Let v = s - -5. Calculate h(v).
6
Let s(v) = -v**3 - 9*v**2 - 9. Let h be s(-9). Let o = -7 - h. Let u(f) = -f**2 + f - 1. Give u(o).
-3
Let d(h) = 3*h + 1. Let w be 4/12*-3*(-1 + 3). Give d(w).
-5
Let v = 4 - -4. Suppose -c + 3*c = v. Let a(n) = n**3 - 2*n**2 - 6*n + 4. Determine a(c).
12
Let h(v) = 4*v**3 + 10*v**2 + 9*v + 6. Let w(q) = 5*q**3 + 11*q**2 + 10*q + 6. Let y(t) = -4*h(t) + 3*w(t). Give y(-6).
-6
Let b(m) = -4*m**2 + 16*m + 9. Let o(n) = -3*n**2 + 11*n + 6. Let h(t) = -5*b(t) + 7*o(t). Let a = -4 + 6. Suppose -w = a*w + 6. What is h(w)?
-1
Let o(n) = -2*n + 0 - 1 + n**2 + 3*n + 5*n. What is o(-5)?
-6
Let y(i) be the second derivative of -i**3/6 + i**2/2 + 6*i. What is y(1)?
0
Suppose -c = -2*c. Suppose -5*s = -c*s - 15. Let g(f) = -2*f**s - 1 + 2 + 0*f**3. Give g(1).
-1
Let c(w) = -9*w**2 - 9*w - 2. Let o(b) = -4*b**2 - 4*b - 1. Let k(h) = 2*c(h) - 5*o(h). Suppose 26*j - 25*j = -2. Calculate k(j).
5
Let i(j) be the second derivative of j**5/20 + j**4/2 - 4*j**3/3 + 3*j**2/2 - 2*j. What is i(-7)?
10
Suppose v - 2 = 4*p - 1, -1 = -p - v. Suppose -2*i + 4*r + 2 = p, -3*i - 5*r - 1 = -4. Let t(g) = -g + i + 0*g + 0*g. Calculate t(1).
0
Let g(t) = -3*t + 7 - 2 - t**3 - 4 + 2*t**2. Let n = -9 - -11. Give g(n).
-5
Let l(m) = -4 + m**2 + 2 - 6*m + 3 + 0. What is l(6)?
1
Suppose 3*f + 4*b + 1 = 0, 7*f - 2*f = b - 40. Let y(h) = h**3 + 8*h**2 + 10*h + 8. What is y(f)?
-13
Let v be (0 - 50/20)/((-2)/4). Let w(s) = -2*s + 12 + 0*s + s. Give w(v).
7
Let f(z) = -7*z**2 - z - 3. Suppose -9*c = -6*c + 12. Let q(y) = -3*y**2 - 1 + 0*y + 0*y. Let n(w) = c*f(w) + 9*q(w). Calculate n(-4).
3
Let v(h) = -h + 12. Let b(j) = -1. Let y(m) = 22*b(m) + 2*v(m). Give y(3).
-4
Let g = 5 + -5. Let a(c) = -c + g*c**3 + 2 + 3*c - c**3 - 2*c**2. What is a(2)?
-10
Let i(u) = -1 - 3*u + u**2 + 0*u + 4 - 1. Let l be i(3). Let q(r) = 1 - 2 - 5*r - l*r**2 - 2 + r**2. Determine q(-4).
1
Let y(f) be the first derivative of -5*f**2/2 - 52. What is y(-2)?
10
Let r(m) = -m**2 + 7*m - 4. Let t = -11 + 18. Give r(t).
-4
Let w(n) = 14 - 10 - n - 6. Give w(-6).
4
Let g(x) = -4*x + 4 + x + 0. Let h(m) = -m**2 - 21*m - 23. Let c be h(-20). Give g(c).
13
Suppose -2*t = t + 5*t. Let k(z) = -4 + 2 + 2*z - z. Calculate k(t).
-2
Suppose -2*p - 13 = -3*w, -3*p = w - 0 - 8. Let t(q) = -21*q - 4 + 20*q + w. Let c = 8 - 13. What is t(c)?
6
Let a(p) = -p**3 + 9*p**2 + 4. Suppose -2*m = -3*s + 2*m + 23, 4*m = -5*s + 49. Determine a(s).
4
Let t(g) = 2*g + 2. Let r be 5/(25/4)*(-50)/20. What is t(r)?
-2
Let f(l) = 1. Let c(g) = -g - 1. Let u(y) = -3*c(y) + f(y). Calculate u(-3).
-5
Let n(q) be the third derivative of q**5/60 - q**4/12 - q**3/6 - 18*q**2. What is n(4)?
7
Let w(c) = c**3 - 2*c. Let q = 29 - 27. Give w(q).
4
Let o(n) be the first derivative of -n**3/3 - 2*n + 3. Determine o(2).
-6
Let m(s) be the third derivative of s**4/12 - 7*s**3/6 - 15*s**2. Give m(5).
3
Let o(q) be the second derivative of q**3/6 + q**2/2 - q. Let r be o(2). Let t(p) = 2*p + 1. What is t(r)?
7
Let u(v) be the second derivative of -v**4/4 + 2*v**2 + 19*v. Determine u(3).
-23
Suppose 0 = -4*x - 20, -2*x = 3*w - x + 20. Let m(h) = -h**3 - 5*h**2 - h. Give m(w).
5
Let n(r) = -5*r**2 + 2*r - 5. Let u(a) = 11*a**2 - 3*a + 9. Let d(w) = -7*n(w) - 4*u(w). Calculate d(-1).
-8
Let y(q) = -q**2 + 10. Suppose 0 = -7*k + 2*k. Give y(k).
10
Suppose 11*t - 9*t = -26. Let r(f) = f**3 + 12*f**2 - 14*f - 16. Give r(t).
-3
Let o(u) = 20*u - 5*u**2 - 4 - u**3 - 3*u**2 - 11*u. Give o(-9).
-4
Let u be 2*(0 + (-3 - -7)). Let d be 22/u + (-1)/(-4). Let k(w) = -2*w**2 + 5*w - 4. Give k(d).
-7
Let a(k) be the second derivative of -1/6*k**3 + 0 + 1/40*k**6 + 3/2*k**2 - 1/12*k**4 + 0*k**5 + k. Let u(p) be the first derivative of a(p). Determine u(-1).
-2
Suppose -3*y + 9 = -6. Let v(h) = y - 4 - 3*h + 1. Calculate v(-2).
8
Let m = 20 - 23. Let z(a) = -7*a - 4. Give z(m).
17
Let h(g) = -3*g + 11. Let q be h(5). Let j(b) = b**2 + 3*b - 4. Determine j(q).
0
Let y be ((-99)/(-18))/(2/4). Suppose i - y = -5*o + 4, -3*o + 2*i = -22. Let w(j) = -32*j - 32*j + 62*j + 1 - 2. What is w(o)?
-9
Let r(l) = -l**3 + 2*l**2 + 3*l - 2. Let v(c) = -c**3 + c**2 + 2*c - 2. Let k(z) = 3*r(z) - 4*v(z). Give k(-2).
0
Let v = 6 + -11. Let k(x) = -x - 3. Let j be k(v). Let i(g) = -j*g + 0*g + g. Give i(-3).
3
Let r = 20 + -13. Suppose -k = 4*n - 12, r = 3*n - 4*k - 2. Suppose -3 - n = -3*h. Let t(u) = 2*u. Give t(h).
4
Let m(r) = r**3 - 5*r**2 - 1. Let s be m(5). Let o(b) = -b**2 + 2*b - 1. Let x(u) =